{"id":6634,"date":"2020-08-15T09:15:41","date_gmt":"2020-08-15T09:15:41","guid":{"rendered":"https:\/\/kastelir-labinci.com\/item\/app-gordana\/"},"modified":"2021-08-07T15:20:44","modified_gmt":"2021-08-07T15:20:44","slug":"app-gordana","status":"publish","type":"citadela-item","link":"https:\/\/kastelir-labinci.com\/de\/item\/app-gordana\/","title":{"rendered":"APP Gordana"},"content":{"rendered":"<p>App 2\/2 f\u00fcr vier Personen in Kategorie III<\/p>\n<p>Die Ferienwohnung befindet sich im zweiten Stock eines Einfamilienhauses. Den G\u00e4sten stehen ein Wohnzimmer, eine K\u00fcche mit Essbereich, zwei Schlafzimmer und zwei Badezimmer zur Verf\u00fcgung. Der Balkon erstreckt sich \u00fcber die gesamte L\u00e4nge der Wohnung.<\/p>\n<p>Die Wohnung verf\u00fcgt \u00fcber Klimaanlage, TV, kostenloses WLAN.<\/p>\n<p>Im Hof gibt es Parkpl\u00e4tze f\u00fcr drei Autos<\/p>\n<p>&nbsp;<\/p>\n<div id='gallery-1' class='gallery galleryid-6634 gallery-columns-3 gallery-size-citadela_service'><figure class='gallery-item'>\n\t\t\t<div class='gallery-icon landscape'>\n\t\t\t\t<a href='https:\/\/kastelir-labinci.com\/wp-content\/uploads\/2020\/08\/slika-3.jpg'><img loading=\"lazy\" decoding=\"async\" width=\"480\" height=\"360\" src=\"https:\/\/kastelir-labinci.com\/wp-content\/uploads\/2020\/08\/slika-3-480x360.jpg\" class=\"attachment-citadela_service size-citadela_service\" alt=\"\" srcset=\"https:\/\/kastelir-labinci.com\/wp-content\/uploads\/2020\/08\/slika-3-480x360.jpg 480w, https:\/\/kastelir-labinci.com\/wp-content\/uploads\/2020\/08\/slika-3-640x480.jpg 640w\" sizes=\"(max-width: 480px) 100vw, 480px\" \/><\/a>\n\t\t\t<\/div><\/figure><figure class='gallery-item'>\n\t\t\t<div class='gallery-icon landscape'>\n\t\t\t\t<a href='https:\/\/kastelir-labinci.com\/wp-content\/uploads\/2020\/08\/slika-2.jpg'><img loading=\"lazy\" decoding=\"async\" width=\"480\" height=\"360\" src=\"https:\/\/kastelir-labinci.com\/wp-content\/uploads\/2020\/08\/slika-2-480x360.jpg\" class=\"attachment-citadela_service size-citadela_service\" alt=\"\" \/><\/a>\n\t\t\t<\/div><\/figure><figure class='gallery-item'>\n\t\t\t<div class='gallery-icon landscape'>\n\t\t\t\t<a href='https:\/\/kastelir-labinci.com\/wp-content\/uploads\/2020\/08\/slika-4.jpg'><img loading=\"lazy\" decoding=\"async\" width=\"480\" height=\"360\" src=\"https:\/\/kastelir-labinci.com\/wp-content\/uploads\/2020\/08\/slika-4-480x360.jpg\" class=\"attachment-citadela_service size-citadela_service\" alt=\"\" srcset=\"https:\/\/kastelir-labinci.com\/wp-content\/uploads\/2020\/08\/slika-4-480x360.jpg 480w, https:\/\/kastelir-labinci.com\/wp-content\/uploads\/2020\/08\/slika-4-640x480.jpg 640w\" sizes=\"(max-width: 480px) 100vw, 480px\" \/><\/a>\n\t\t\t<\/div><\/figure><figure class='gallery-item'>\n\t\t\t<div class='gallery-icon landscape'>\n\t\t\t\t<a href='https:\/\/kastelir-labinci.com\/wp-content\/uploads\/2020\/08\/slika-5.jpg'><img loading=\"lazy\" decoding=\"async\" width=\"480\" height=\"360\" src=\"https:\/\/kastelir-labinci.com\/wp-content\/uploads\/2020\/08\/slika-5-480x360.jpg\" class=\"attachment-citadela_service size-citadela_service\" alt=\"\" srcset=\"https:\/\/kastelir-labinci.com\/wp-content\/uploads\/2020\/08\/slika-5-480x360.jpg 480w, https:\/\/kastelir-labinci.com\/wp-content\/uploads\/2020\/08\/slika-5-640x480.jpg 640w\" sizes=\"(max-width: 480px) 100vw, 480px\" \/><\/a>\n\t\t\t<\/div><\/figure><figure class='gallery-item'>\n\t\t\t<div class='gallery-icon landscape'>\n\t\t\t\t<a href='https:\/\/kastelir-labinci.com\/wp-content\/uploads\/2020\/08\/slika1.jpg'><img loading=\"lazy\" decoding=\"async\" width=\"480\" height=\"360\" src=\"https:\/\/kastelir-labinci.com\/wp-content\/uploads\/2020\/08\/slika1-480x360.jpg\" class=\"attachment-citadela_service size-citadela_service\" alt=\"\" \/><\/a>\n\t\t\t<\/div><\/figure>\n\t\t<\/div>\n\n","protected":false},"excerpt":{"rendered":"<p>1 x APP\/4<\/p>\n","protected":false},"author":1,"featured_media":5659,"menu_order":0,"comment_status":"closed","ping_status":"closed","template":"","citadela-item-category":[191],"citadela-item-location":[199],"class_list":["post-6634","citadela-item","type-citadela-item","status-publish","has-post-thumbnail","hentry","citadela-item-category-fewo","citadela-item-location-kastelir-de"],"yoast_head":"<!-- This site is optimized with the Yoast SEO plugin v25.2 - https:\/\/yoast.com\/wordpress\/plugins\/seo\/ -->\n<title>APP Gordana - Together in<\/title>\n<meta name=\"description\" content=\"Together in Ka\u0161telir Labinci\" \/>\n<meta name=\"robots\" content=\"index, follow, max-snippet:-1, max-image-preview:large, max-video-preview:-1\" \/>\n<link rel=\"canonical\" href=\"https:\/\/kastelir-labinci.com\/de\/item\/app-gordana\/\" \/>\n<meta property=\"og:locale\" content=\"de_DE\" \/>\n<meta property=\"og:type\" content=\"article\" \/>\n<meta property=\"og:title\" content=\"APP Gordana - Together in\" \/>\n<meta property=\"og:description\" content=\"Together in Ka\u0161telir Labinci\" \/>\n<meta property=\"og:url\" content=\"https:\/\/kastelir-labinci.com\/de\/item\/app-gordana\/\" \/>\n<meta property=\"og:site_name\" content=\"Together in\" \/>\n<meta property=\"article:modified_time\" content=\"2021-08-07T15:20:44+00:00\" \/>\n<meta property=\"og:image\" content=\"https:\/\/kastelir-labinci.com\/wp-content\/uploads\/2020\/08\/slika1.jpg\" \/>\n\t<meta property=\"og:image:width\" content=\"753\" \/>\n\t<meta property=\"og:image:height\" content=\"447\" \/>\n\t<meta property=\"og:image:type\" content=\"image\/jpeg\" \/>\n<meta name=\"twitter:card\" content=\"summary_large_image\" \/>\n<meta name=\"twitter:label1\" content=\"Gesch\u00e4tzte Lesezeit\" \/>\n\t<meta name=\"twitter:data1\" content=\"1\u00a0Minute\" \/>\n<script type=\"application\/ld+json\" class=\"yoast-schema-graph\">{\"@context\":\"https:\/\/schema.org\",\"@graph\":[{\"@type\":\"WebPage\",\"@id\":\"https:\/\/kastelir-labinci.com\/de\/item\/app-gordana\/\",\"url\":\"https:\/\/kastelir-labinci.com\/de\/item\/app-gordana\/\",\"name\":\"APP Gordana - Together in\",\"isPartOf\":{\"@id\":\"https:\/\/kastelir-labinci.com\/de\/#website\"},\"primaryImageOfPage\":{\"@id\":\"https:\/\/kastelir-labinci.com\/de\/item\/app-gordana\/#primaryimage\"},\"image\":{\"@id\":\"https:\/\/kastelir-labinci.com\/de\/item\/app-gordana\/#primaryimage\"},\"thumbnailUrl\":\"https:\/\/kastelir-labinci.com\/wp-content\/uploads\/2020\/08\/slika1.jpg\",\"datePublished\":\"2020-08-15T09:15:41+00:00\",\"dateModified\":\"2021-08-07T15:20:44+00:00\",\"description\":\"Together in Ka\u0161telir Labinci\",\"breadcrumb\":{\"@id\":\"https:\/\/kastelir-labinci.com\/de\/item\/app-gordana\/#breadcrumb\"},\"inLanguage\":\"de\",\"potentialAction\":[{\"@type\":\"ReadAction\",\"target\":[\"https:\/\/kastelir-labinci.com\/de\/item\/app-gordana\/\"]}]},{\"@type\":\"ImageObject\",\"inLanguage\":\"de\",\"@id\":\"https:\/\/kastelir-labinci.com\/de\/item\/app-gordana\/#primaryimage\",\"url\":\"https:\/\/kastelir-labinci.com\/wp-content\/uploads\/2020\/08\/slika1.jpg\",\"contentUrl\":\"https:\/\/kastelir-labinci.com\/wp-content\/uploads\/2020\/08\/slika1.jpg\",\"width\":753,\"height\":447},{\"@type\":\"BreadcrumbList\",\"@id\":\"https:\/\/kastelir-labinci.com\/de\/item\/app-gordana\/#breadcrumb\",\"itemListElement\":[{\"@type\":\"ListItem\",\"position\":1,\"name\":\"Home\",\"item\":\"https:\/\/kastelir-labinci.com\/de\/\"},{\"@type\":\"ListItem\",\"position\":2,\"name\":\"APP Gordana\"}]},{\"@type\":\"WebSite\",\"@id\":\"https:\/\/kastelir-labinci.com\/de\/#website\",\"url\":\"https:\/\/kastelir-labinci.com\/de\/\",\"name\":\"Together in\",\"description\":\"- Ka\u0161telir-Labinci\",\"publisher\":{\"@id\":\"https:\/\/kastelir-labinci.com\/de\/#organization\"},\"potentialAction\":[{\"@type\":\"SearchAction\",\"target\":{\"@type\":\"EntryPoint\",\"urlTemplate\":\"https:\/\/kastelir-labinci.com\/de\/?s={search_term_string}\"},\"query-input\":{\"@type\":\"PropertyValueSpecification\",\"valueRequired\":true,\"valueName\":\"search_term_string\"}}],\"inLanguage\":\"de\"},{\"@type\":\"Organization\",\"@id\":\"https:\/\/kastelir-labinci.com\/de\/#organization\",\"name\":\"TOGETHER IN Ka\u0161telir - Labinci, turisti\u010dka zajednica\",\"url\":\"https:\/\/kastelir-labinci.com\/de\/\",\"logo\":{\"@type\":\"ImageObject\",\"inLanguage\":\"de\",\"@id\":\"https:\/\/kastelir-labinci.com\/de\/#\/schema\/logo\/image\/\",\"url\":\"https:\/\/kastelir-labinci.com\/wp-content\/uploads\/2020\/08\/logotip-3.png\",\"contentUrl\":\"https:\/\/kastelir-labinci.com\/wp-content\/uploads\/2020\/08\/logotip-3.png\",\"width\":512,\"height\":326,\"caption\":\"TOGETHER IN Ka\u0161telir - Labinci, turisti\u010dka zajednica\"},\"image\":{\"@id\":\"https:\/\/kastelir-labinci.com\/de\/#\/schema\/logo\/image\/\"}}]}<\/script>\n<!-- \/ Yoast SEO plugin. -->","yoast_head_json":{"title":"APP Gordana - Together in","description":"Together in Ka\u0161telir Labinci","robots":{"index":"index","follow":"follow","max-snippet":"max-snippet:-1","max-image-preview":"max-image-preview:large","max-video-preview":"max-video-preview:-1"},"canonical":"https:\/\/kastelir-labinci.com\/de\/item\/app-gordana\/","og_locale":"de_DE","og_type":"article","og_title":"APP Gordana - Together in","og_description":"Together in Ka\u0161telir Labinci","og_url":"https:\/\/kastelir-labinci.com\/de\/item\/app-gordana\/","og_site_name":"Together in","article_modified_time":"2021-08-07T15:20:44+00:00","og_image":[{"width":753,"height":447,"url":"https:\/\/kastelir-labinci.com\/wp-content\/uploads\/2020\/08\/slika1.jpg","type":"image\/jpeg"}],"twitter_card":"summary_large_image","twitter_misc":{"Gesch\u00e4tzte Lesezeit":"1\u00a0Minute"},"schema":{"@context":"https:\/\/schema.org","@graph":[{"@type":"WebPage","@id":"https:\/\/kastelir-labinci.com\/de\/item\/app-gordana\/","url":"https:\/\/kastelir-labinci.com\/de\/item\/app-gordana\/","name":"APP Gordana - Together in","isPartOf":{"@id":"https:\/\/kastelir-labinci.com\/de\/#website"},"primaryImageOfPage":{"@id":"https:\/\/kastelir-labinci.com\/de\/item\/app-gordana\/#primaryimage"},"image":{"@id":"https:\/\/kastelir-labinci.com\/de\/item\/app-gordana\/#primaryimage"},"thumbnailUrl":"https:\/\/kastelir-labinci.com\/wp-content\/uploads\/2020\/08\/slika1.jpg","datePublished":"2020-08-15T09:15:41+00:00","dateModified":"2021-08-07T15:20:44+00:00","description":"Together in Ka\u0161telir Labinci","breadcrumb":{"@id":"https:\/\/kastelir-labinci.com\/de\/item\/app-gordana\/#breadcrumb"},"inLanguage":"de","potentialAction":[{"@type":"ReadAction","target":["https:\/\/kastelir-labinci.com\/de\/item\/app-gordana\/"]}]},{"@type":"ImageObject","inLanguage":"de","@id":"https:\/\/kastelir-labinci.com\/de\/item\/app-gordana\/#primaryimage","url":"https:\/\/kastelir-labinci.com\/wp-content\/uploads\/2020\/08\/slika1.jpg","contentUrl":"https:\/\/kastelir-labinci.com\/wp-content\/uploads\/2020\/08\/slika1.jpg","width":753,"height":447},{"@type":"BreadcrumbList","@id":"https:\/\/kastelir-labinci.com\/de\/item\/app-gordana\/#breadcrumb","itemListElement":[{"@type":"ListItem","position":1,"name":"Home","item":"https:\/\/kastelir-labinci.com\/de\/"},{"@type":"ListItem","position":2,"name":"APP Gordana"}]},{"@type":"WebSite","@id":"https:\/\/kastelir-labinci.com\/de\/#website","url":"https:\/\/kastelir-labinci.com\/de\/","name":"Together in","description":"- Ka\u0161telir-Labinci","publisher":{"@id":"https:\/\/kastelir-labinci.com\/de\/#organization"},"potentialAction":[{"@type":"SearchAction","target":{"@type":"EntryPoint","urlTemplate":"https:\/\/kastelir-labinci.com\/de\/?s={search_term_string}"},"query-input":{"@type":"PropertyValueSpecification","valueRequired":true,"valueName":"search_term_string"}}],"inLanguage":"de"},{"@type":"Organization","@id":"https:\/\/kastelir-labinci.com\/de\/#organization","name":"TOGETHER IN Ka\u0161telir - Labinci, turisti\u010dka zajednica","url":"https:\/\/kastelir-labinci.com\/de\/","logo":{"@type":"ImageObject","inLanguage":"de","@id":"https:\/\/kastelir-labinci.com\/de\/#\/schema\/logo\/image\/","url":"https:\/\/kastelir-labinci.com\/wp-content\/uploads\/2020\/08\/logotip-3.png","contentUrl":"https:\/\/kastelir-labinci.com\/wp-content\/uploads\/2020\/08\/logotip-3.png","width":512,"height":326,"caption":"TOGETHER IN Ka\u0161telir - Labinci, turisti\u010dka zajednica"},"image":{"@id":"https:\/\/kastelir-labinci.com\/de\/#\/schema\/logo\/image\/"}}]}},"_links":{"self":[{"href":"https:\/\/kastelir-labinci.com\/de\/wp-json\/wp\/v2\/citadela-item\/6634"}],"collection":[{"href":"https:\/\/kastelir-labinci.com\/de\/wp-json\/wp\/v2\/citadela-item"}],"about":[{"href":"https:\/\/kastelir-labinci.com\/de\/wp-json\/wp\/v2\/types\/citadela-item"}],"author":[{"embeddable":true,"href":"https:\/\/kastelir-labinci.com\/de\/wp-json\/wp\/v2\/users\/1"}],"replies":[{"embeddable":true,"href":"https:\/\/kastelir-labinci.com\/de\/wp-json\/wp\/v2\/comments?post=6634"}],"version-history":[{"count":2,"href":"https:\/\/kastelir-labinci.com\/de\/wp-json\/wp\/v2\/citadela-item\/6634\/revisions"}],"predecessor-version":[{"id":7124,"href":"https:\/\/kastelir-labinci.com\/de\/wp-json\/wp\/v2\/citadela-item\/6634\/revisions\/7124"}],"wp:featuredmedia":[{"embeddable":true,"href":"https:\/\/kastelir-labinci.com\/de\/wp-json\/wp\/v2\/media\/5659"}],"wp:attachment":[{"href":"https:\/\/kastelir-labinci.com\/de\/wp-json\/wp\/v2\/media?parent=6634"}],"wp:term":[{"taxonomy":"citadela-item-category","embeddable":true,"href":"https:\/\/kastelir-labinci.com\/de\/wp-json\/wp\/v2\/citadela-item-category?post=6634"},{"taxonomy":"citadela-item-location","embeddable":true,"href":"https:\/\/kastelir-labinci.com\/de\/wp-json\/wp\/v2\/citadela-item-location?post=6634"}],"curies":[{"name":"wp","href":"https:\/\/api.w.org\/{rel}","templated":true}]}}

<p>App 2/2 für vier Personen in Kategorie III</p>
<p>Die Ferienwohnung befindet sich im zweiten Stock eines Einfamilienhauses. Den Gästen stehen ein Wohnzimmer, eine Küche mit Essbereich, zwei Schlafzimmer und zwei Badezimmer zur Verfügung. Der Balkon erstreckt sich über die gesamte Länge der Wohnung.</p>
<p>Die Wohnung verfügt über Klimaanlage, TV, kostenloses WLAN.</p>
<p>Im Hof gibt es Parkplätze für drei Autos</p>
<p>&nbsp;</p>
<div id='gallery-1' class='gallery galleryid-6634 gallery-columns-3 gallery-size-citadela_service'><figure class='gallery-item'>
			<div class='gallery-icon landscape'>
				<a href='https://kastelir-labinci.com/wp-content/uploads/2020/08/slika-3.jpg'><img loading="lazy" decoding="async" width="480" height="360" src="https://kastelir-labinci.com/wp-content/uploads/2020/08/slika-3-480x360.jpg" class="attachment-citadela_service size-citadela_service" alt="" srcset="https://kastelir-labinci.com/wp-content/uploads/2020/08/slika-3-480x360.jpg 480w, https://kastelir-labinci.com/wp-content/uploads/2020/08/slika-3-640x480.jpg 640w" sizes="(max-width: 480px) 100vw, 480px" /></a>
			</div></figure><figure class='gallery-item'>
			<div class='gallery-icon landscape'>
				<a href='https://kastelir-labinci.com/wp-content/uploads/2020/08/slika-2.jpg'><img loading="lazy" decoding="async" width="480" height="360" src="https://kastelir-labinci.com/wp-content/uploads/2020/08/slika-2-480x360.jpg" class="attachment-citadela_service size-citadela_service" alt="" /></a>
			</div></figure><figure class='gallery-item'>
			<div class='gallery-icon landscape'>
				<a href='https://kastelir-labinci.com/wp-content/uploads/2020/08/slika-4.jpg'><img loading="lazy" decoding="async" width="480" height="360" src="https://kastelir-labinci.com/wp-content/uploads/2020/08/slika-4-480x360.jpg" class="attachment-citadela_service size-citadela_service" alt="" srcset="https://kastelir-labinci.com/wp-content/uploads/2020/08/slika-4-480x360.jpg 480w, https://kastelir-labinci.com/wp-content/uploads/2020/08/slika-4-640x480.jpg 640w" sizes="(max-width: 480px) 100vw, 480px" /></a>
			</div></figure><figure class='gallery-item'>
			<div class='gallery-icon landscape'>
				<a href='https://kastelir-labinci.com/wp-content/uploads/2020/08/slika-5.jpg'><img loading="lazy" decoding="async" width="480" height="360" src="https://kastelir-labinci.com/wp-content/uploads/2020/08/slika-5-480x360.jpg" class="attachment-citadela_service size-citadela_service" alt="" srcset="https://kastelir-labinci.com/wp-content/uploads/2020/08/slika-5-480x360.jpg 480w, https://kastelir-labinci.com/wp-content/uploads/2020/08/slika-5-640x480.jpg 640w" sizes="(max-width: 480px) 100vw, 480px" /></a>
			</div></figure><figure class='gallery-item'>
			<div class='gallery-icon landscape'>
				<a href='https://kastelir-labinci.com/wp-content/uploads/2020/08/slika1.jpg'><img loading="lazy" decoding="async" width="480" height="360" src="https://kastelir-labinci.com/wp-content/uploads/2020/08/slika1-480x360.jpg" class="attachment-citadela_service size-citadela_service" alt="" /></a>
			</div></figure>
		</div>

<!-- This site is optimized with the Yoast SEO plugin v25.2 - https://yoast.com/wordpress/plugins/seo/ -->
<title>APP Gordana - Together in</title>
<meta name="description" content="Together in Kaštelir Labinci" />
<meta name="robots" content="index, follow, max-snippet:-1, max-image-preview:large, max-video-preview:-1" />
<link rel="canonical" href="https://kastelir-labinci.com/de/item/app-gordana/" />
<meta property="og:locale" content="de_DE" />
<meta property="og:type" content="article" />
<meta property="og:title" content="APP Gordana - Together in" />
<meta property="og:description" content="Together in Kaštelir Labinci" />
<meta property="og:url" content="https://kastelir-labinci.com/de/item/app-gordana/" />
<meta property="og:site_name" content="Together in" />
<meta property="article:modified_time" content="2021-08-07T15:20:44+00:00" />
<meta property="og:image" content="https://kastelir-labinci.com/wp-content/uploads/2020/08/slika1.jpg" />
	<meta property="og:image:width" content="753" />
	<meta property="og:image:height" content="447" />
	<meta property="og:image:type" content="image/jpeg" />
<meta name="twitter:card" content="summary_large_image" />
<meta name="twitter:label1" content="Geschätzte Lesezeit" />
	<meta name="twitter:data1" content="1 Minute" />
<script type="application/ld+json" class="yoast-schema-graph">{"@context":"https://schema.org","@graph":[{"@type":"WebPage","@id":"https://kastelir-labinci.com/de/item/app-gordana/","url":"https://kastelir-labinci.com/de/item/app-gordana/","name":"APP Gordana - Together in","isPartOf":{"@id":"https://kastelir-labinci.com/de/#website"},"primaryImageOfPage":{"@id":"https://kastelir-labinci.com/de/item/app-gordana/#primaryimage"},"image":{"@id":"https://kastelir-labinci.com/de/item/app-gordana/#primaryimage"},"thumbnailUrl":"https://kastelir-labinci.com/wp-content/uploads/2020/08/slika1.jpg","datePublished":"2020-08-15T09:15:41+00:00","dateModified":"2021-08-07T15:20:44+00:00","description":"Together in Kaštelir Labinci","breadcrumb":{"@id":"https://kastelir-labinci.com/de/item/app-gordana/#breadcrumb"},"inLanguage":"de","potentialAction":[{"@type":"ReadAction","target":["https://kastelir-labinci.com/de/item/app-gordana/"]}]},{"@type":"ImageObject","inLanguage":"de","@id":"https://kastelir-labinci.com/de/item/app-gordana/#primaryimage","url":"https://kastelir-labinci.com/wp-content/uploads/2020/08/slika1.jpg","contentUrl":"https://kastelir-labinci.com/wp-content/uploads/2020/08/slika1.jpg","width":753,"height":447},{"@type":"BreadcrumbList","@id":"https://kastelir-labinci.com/de/item/app-gordana/#breadcrumb","itemListElement":[{"@type":"ListItem","position":1,"name":"Home","item":"https://kastelir-labinci.com/de/"},{"@type":"ListItem","position":2,"name":"APP Gordana"}]},{"@type":"WebSite","@id":"https://kastelir-labinci.com/de/#website","url":"https://kastelir-labinci.com/de/","name":"Together in","description":"- Kaštelir-Labinci","publisher":{"@id":"https://kastelir-labinci.com/de/#organization"},"potentialAction":[{"@type":"SearchAction","target":{"@type":"EntryPoint","urlTemplate":"https://kastelir-labinci.com/de/?s={search_term_string}"},"query-input":{"@type":"PropertyValueSpecification","valueRequired":true,"valueName":"search_term_string"}}],"inLanguage":"de"},{"@type":"Organization","@id":"https://kastelir-labinci.com/de/#organization","name":"TOGETHER IN Kaštelir - Labinci, turistička zajednica","url":"https://kastelir-labinci.com/de/","logo":{"@type":"ImageObject","inLanguage":"de","@id":"https://kastelir-labinci.com/de/#/schema/logo/image/","url":"https://kastelir-labinci.com/wp-content/uploads/2020/08/logotip-3.png","contentUrl":"https://kastelir-labinci.com/wp-content/uploads/2020/08/logotip-3.png","width":512,"height":326,"caption":"TOGETHER IN Kaštelir - Labinci, turistička zajednica"},"image":{"@id":"https://kastelir-labinci.com/de/#/schema/logo/image/"}}]}</script>
<!-- / Yoast SEO plugin. -->

Together in Kaštelir Labinci

- Kaštelir-Labinci

TOGETHER IN Kaštelir - Labinci, turistička zajednica
